 multiple of 7?
True
Is 15 a factor of 464?
False
Is 11 a factor of 959?
False
Is 200 a multiple of 11?
False
Is 16185 a multiple of 65?
True
Is 47 a factor of 893?
True
Does 11 divide 12428?
False
Is 132 a factor of 7392?
True
Is 28024 a multiple of 226?
True
Does 29 divide 1453?
False
Does 5 divide 345?
True
Does 13 divide 56?
False
Is 6498 a multiple of 20?
False
Does 26 divide 728?
True
Does 64 divide 1792?
True
Is 3403 a multiple of 83?
True
Does 28 divide 28?
True
Is 2 a factor of 1768?
True
Is 3069 a multiple of 93?
True
Is 1388 a multiple of 3?
False
Does 4 divide 5724?
True
Is 5 a factor of 4215?
True
Does 33 divide 13478?
False
Is 49287 a multiple of 25?
False
Does 12 divide 289?
False
Is 81 a factor of 79515?
False
Is 11 a factor of 990?
True
Is 1452 a multiple of 55?
False
Is 172 a factor of 327?
False
Is 8694 a multiple of 14?
True
Is 12 a factor of 13584?
True
Is 19513 a multiple of 51?
False
Is 12 a factor of 28032?
True
Is 6 a factor of 78?
True
Does 24 divide 11280?
True
Is 71 a factor of 5430?
False
Is 640 a multiple of 20?
True
Is 52 a factor of 1348?
False
Does 47 divide 658?
True
Is 2158 a multiple of 8?
False
Is 8 a factor of 184?
True
Does 26 divide 8697?
False
Is 25718 a multiple of 14?
True
Is 46 a factor of 138?
True
Is 10 a factor of 104572?
False
Does 61 divide 4880?
True
Does 116 divide 5710?
False
Does 4 divide 1695?
False
Is 360 a multiple of 12?
True
Is 23 a factor of 53567?
True
Is 1842 a multiple of 26?
False
Is 17 a factor of 289?
True
Is 31 a factor of 372?
True
Is 101936 a multiple of 277?
True
Does 2 divide 204?
True
Does 34 divide 14178?
True
Is 1216 a multiple of 76?
True
Is 64811 a multiple of 27?
False
Does 71 divide 1902?
False
Is 51 a factor of 186043?
False
Is 10 a factor of 726?
False
Is 12 a factor of 288?
True
Does 65 divide 2250?
False
Is 5 a factor of 992?
False
Does 54 divide 11286?
True
Is 7 a factor of 1022?
True
Does 12 divide 2316?
True
Does 62 divide 6076?
True
Does 32 divide 67054?
False
Does 2 divide 5135?
False
Is 6848 a multiple of 159?
False
Does 94 divide 109320?
False
Is 47 a factor of 7070?
False
Is 9210 a multiple of 30?
True
Is 48 a factor of 3387?
False
Does 3 divide 1368?
True
Is 45 a factor of 2556?
False
Does 54 divide 108?
True
Is 6 a factor of 48?
True
Does 40 divide 3240?
True
Is 23 a factor of 12226?
False
Is 58 a factor of 2668?
True
Does 11 divide 42152?
True
Is 4438 a multiple of 14?
True
Is 3 a factor of 5022?
True
Is 1344 a multiple of 21?
True
Does 56 divide 7504?
True
Is 56 a factor of 12544?
True
Does 5 divide 11212?
False
Is 50 a factor of 5468?
False
Is 96 a factor of 37126?
False
Is 66 a factor of 330?
True
Is 20 a factor of 2730?
False
Does 80 divide 320?
True
Is 446 a multiple of 24?
False
Is 3 a factor of 206?
False
Is 419 a factor of 49886?
False
Does 55 divide 550?
True
Does 361 divide 39710?
True
Does 56 divide 110789?
False
Is 194 a multiple of 6?
False
Is 48836 a multiple of 116?
True
Is 32 a factor of 74?
False
Is 8463 a multiple of 217?
True
Is 3499 a multiple of 28?
False
Is 107 a factor of 8403?
False
Is 561 a multiple of 17?
True
Is 5 a factor of 278?
False
Is 7 a factor of 1107?
False
Does 16 divide 5122?
False
Does 50 divide 125?
False
Is 5 a factor of 73?
False
Is 960 a multiple of 16?
True
Does 13 divide 143?
True
Is 112 a factor of 112672?
True
Does 9 divide 4045?
False
Is 30104 a multiple of 8?
True
Is 62 a factor of 3632?
False
Is 3 a factor of 518?
False
Is 89248 a multiple of 25?
False
Does 10 divide 28701?
False
Does 8 divide 10097?
False
Is 756 a multiple of 42?
True
Is 2 a factor of 972?
True
Is 7322 a multiple of 9?
False
Does 12 divide 912?
True
Is 41 a multiple of 24?
False
Does 4 divide 208?
True
Is 21 a factor of 13377?
True
Is 6120 a multiple of 30?
True
Is 9 a factor of 57058?
False
Is 100 a factor of 4200?
True
Is 11 a factor of 12992?
False
Is 54111 a multiple of 35?
False
Is 17 a factor of 626?
False
Is 29 a factor of 1231?
False
Is 15 a factor of 9705?
True
Is 121 a factor of 944?
False
Does 204 divide 3523?
False
Is 1203 a multiple of 19?
False
Is 76 a factor of 7117?
False
Does 18 divide 40692?
False
Does 467 divide 2335?
True
Is 17 a factor of 13838?
True
Is 79230 a multiple of 114?
True
Is 96 a factor of 7968?
True
Is 39678 a multiple of 34?
True
Is 410 a multiple of 35?
False
Does 7 divide 14196?
True
Does 17 divide 20490?
False
Does 79 divide 31047?
True
Is 2617 a multiple of 22?
False
Is 2009 a multiple of 83?
False
Is 8 a factor of 376?
True
Does 16 divide 922?
False
Is 13846 a multiple of 16?
False
Does 8 divide 528?
True
Is 16 a factor of 51543?
False
Is 240 a multiple of 60?
True
Is 8 a factor of 809?
False
Is 66 a factor of 264?
True
Is 7657 a multiple of 14?
False
Is 2343 a multiple of 26?
False
Is 5 a factor of 1376?
False
Is 273 a multiple of 13?
True
Is 23387 a multiple of 11?
False
Does 6 divide 12?
True
Does 47 divide 235?
True
Is 3370 a multiple of 10?
True
Does 10 divide 4146?
False
Is 34230 a multiple of 35?
True
Is 6289 a multiple of 26?
False
Does 7 divide 2795?
False
Does 8 divide 1104?
True
Is 3276 a multiple of 9?
True
Does 25 divide 7650?
True
Is 53 a factor of 4494?
False
Is 20 a factor of 9227?
False
Is 12 a factor of 11394?
False
Is 73 a factor of 1283?
False
Is 9446 a multiple of 6?
False
Is 21 a factor of 756?
True
Does 9 divide 575?
False
Is 14 a factor of 71806?
True
Is 17041 a multiple of 53?
False
Is 955 a multiple of 5?
True
Is 2730 a multiple of 77?
False
Is 169 a factor of 46475?
True
Is 2523 a multiple of 6?
False
Does 12 divide 876?
True
Is 20443 a multiple of 100?
False
Is 6754 a multiple of 22?
True
Does 5 divide 43?
False
Is 1247 a multiple of 46?
False
Is 26 a factor of 2912?
True
Is 21 a factor of 21?
True
Is 8300 a multiple of 50?
True
Does 2 divide 343?
False
Is 1150 a multiple of 10?
True
Does 4 divide 424?
True
Is 1242 a multiple of 6?
True
Is 2015 a multiple of 5?
True
Is 126 a factor of 2520?
True
Is 6 a factor of 582?
True
Does 20 divide 3889?
False
Does 4 divide 3472?
True
Is 51954 a multiple of 14?
True
Is 83 a factor of 68748?
False
Does 16 divide 5006?
False
Does 7 divide 4133?
False
Is 60 a factor of 3840?
True
Is 2 a factor of 676?
True
Is 12 a factor of 36281?
False
Does 26 divide 3070?
False
Is 319 a multiple of 11?
True
Is 26 a factor of 10972?
True
Does 18 divide 1044?
True
Is 32 a factor of 1333?
False
Does 3 divide 204?
True
Is 180 a multiple of 180?
True
Is 496 a multiple of 31?
True
Does 66 divide 56862?
False
Does 48 divide 1488?
True
Is 817 a multiple of 4?
False
Is 31 a multiple of 15?
False
Is 264 a multiple of 4?
True
Is 304 a multiple of 16?
True
Is 960 a multiple of 60?
True
Is 5083 a multiple of 17?
True
Does 3 divide 82?
False
Is 43 a factor of 18060?
True
Is 2182 a multiple of 22?
False
Is 111 a factor of 10878?
True
Is 23 a factor of 11638?
True
Does 34 divide 1666?
True
Does 39 divide 741?
True
Does 5 divide 88?
False
Is 12861 a multiple of 76?
False
Does 35 divide 8505?
True
Does 2 divide 492?
True
Does 48 divide 614?
False
Does 98 divide 2254?
True
Is 145 a factor of 8265?
True
Is 618 a multiple of 6?
True
Is 6156 a multiple of 54?
True
Is 38 a factor of 950?
True
Is 2014 a multiple of 53?
True
Is 16 a factor of 10623?
False
Is 1491 a multiple of 103?
False
Is 49 even?
False
Does 4 divide 1350?
False
Is 2279 a multiple of 16?
False
Is 15 a factor of 4823?
False
Does 23 divide 5612?
True
Is 12 a factor of 1020?
True
Is 35 a factor of 22912?
False
Is 14 a factor of 19246?
False
Is 507 a multiple of 62?
False
Is 493 a multiple of 17?
True
Does 43 divide 387?
True
Does 82 divide 6970?
True
Is 20085 a multiple of 13?
True
Is 74783 a multiple of 205?
False
Is 41 a factor of 697?
True
Is 3064 a multiple of 8?
True
Is 61 a factor of 7686?
True
Is 2874 a multiple of 4?
False
Does 75 divide 7114?
False
Is 25 a factor of 508?
False
Is 14 a factor of 199?
False
Is 4 a factor of 2221?
False
Is 1568 a multiple of 8?
True
Is 152 a factor of 723?
False
Is 47107 a multiple of 72?
False
Does 12 divide 33067?
False
Is 102 a factor of 6733?
False
Is 11 a factor of 66?
True
Is 15 a factor of 9915?
True
Does 57 divide 235?
False
Does 50 divide 357?
False
Does 11 divide 308?
True
Does 68 divide 13149?
False
Is 67 a factor of 5312?
False
Is 146 a multiple of 23?
F